-1751b
In base 11, what is -46 + 429?
393
In base 8, what is 474 - -5427?
6123
In base 3, what is -121111100102 + 11?
-121111100021
In base 11, what is -1 - 5705?
-5706
In base 13, what is 294838 + -5?
294833
In base 15, what is -3a - -15bb?
1581
In base 16, what is 89a - 145?
755
In base 3, what is -10 + 20101010122?
20101010112
In base 15, what is -de - 1c9?
-2b8
In base 8, what is 244 - 712?
-446
In base 16, what is -5a + -13c0?
-141a
In base 16, what is 5 + -1dd56?
-1dd51
In base 9, what is -60 + 45864?
45804
In base 13, what is 2 - 895b?
-8959
In base 3, what is -12 + 2110011?
2102222
In base 4, what is -21131133 + 10?
-21131123
In base 2, what is 10111 + 101011011111?
101011110110
In base 14, what is -31a - -15b?
-19d
In base 9, what is -5 + -181658?
-181664
In base 13, what is 5 - -a645?
a64a
In base 15, what is 1353 - a?
1348
In base 11, what is -10260 + -11?
-10271
In base 6, what is -415403 - 100?
-415503
In base 6, what is 423 + 232?
1055
In base 15, what is 2 + -267abc?
-267aba
In base 7, what is -32213 - -6?
-32204
In base 7, what is 0 - 1263530?
-1263530
In base 13, what is -a15 - 10?
-a25
In base 6, what is -10505400 + 0?
-10505400
In base 16, what is 44eb1 + -5?
44eac
In base 5, what is 0 - -14424433?
14424433
In base 5, what is -121410 + 1240?
-120120
In base 15, what is -9120 - -5?
-911a
In base 15, what is -8c79 - 1?
-8c7a
In base 13, what is 817 + 36?
850
In base 13, what is -3 + 250?
24a
In base 11, what is -81a3 + 20?
-8183
In base 8, what is -510 - -137?
-351
In base 14, what is 1c58 - a?
1c4c
In base 11, what is 28 + -29987?
-2995a
In base 3, what is -1211201002 + 12?
-1211200220
In base 5, what is 1000222 - 402?
444320
In base 2, what is -100110011 - -1101?
-100100110
In base 15, what is -5 - 2e0bb?
-2e0c1
In base 7, what is 4144 - 134?
4010
In base 10, what is 1151 - 710?
441
In base 2, what is -101 - 1001101101111010?
-1001101101111111
In base 5, what is 3 + 221413?
221421
In base 5, what is 10 + -33332?
-33322
In base 3, what is -12112 - -1002?
-11110
In base 11, what is -6 + -4a801?
-4a807
In base 5, what is 21 + -142241?
-142220
In base 11, what is 63a87 + -1?
63a86
In base 9, what is 2 + 18546?
18548
In base 8, what is -32717 + -5?
-32724
In base 3, what is -1202011100 - 11?
-1202011111
In base 12, what is 18 + -5162?
-5146
In base 2, what is -100100101 + 1010001101?
101101000
In base 4, what is 22101002 + 0?
22101002
In base 3, what is 21021 - -20?
21111
In base 9, what is -4 - -275684?
275680
In base 4, what is -21 + -21001203?
-21001230
In base 8, what is 21 - 1777?
-1756
In base 9, what is 5 - 46700?
-46684
In base 16, what is -d - -a5fd?
a5f0
In base 14, what is 3525d + 3?
35262
In base 13, what is -9b + -1c362?
-1c430
In base 6, what is 3004 - -50?
3054
In base 10, what is -4 - -29068?
29064
In base 8, what is -11720 - -10?
-11710
In base 6, what is 1 - 1023?
-1022
In base 13, what is 2c16 - 121?
2ac5
In base 12, what is -2 - 18635?
-18637
In base 7, what is -2 - -2525631?
2525626
In base 13, what is -52 + -4b74?
-4bc6
In base 7, what is -5 - 3564204?
-3564212
In base 14, what is 29c2 + -26?
299a
In base 2, what is -101 - 11110110000?
-11110110101
In base 4, what is -10 - 2002133?
-2002203
In base 8, what is -4717 + 2?
-4715
In base 9, what is -113 - -48644?
48531
In base 10, what is -130 - -491?
361
In base 16, what is -110 - -1d0?
c0
In base 8, what is 152 - 7746?
-7574
In base 2, what is 10100111101110111 + -11?
10100111101110100
In base 15, what is 9 - -30c73?
30c7c
In base 6, what is 22 - 31121?
-31055
In base 6, what is 2 + 2303311?
2303313
In base 4, what is -10332132 + -2102?
-11000300
In base 2, what is -110011000 - 1000011?
-111011011
In base 11, what is -133838 + 27?
-133811
In base 15, what is -9dd7 + 2?
-9dd5
In base 8, what is 0 + 716?
716
In base 16, what is -19e + -162?
-300
In base 7, what is 613022 + 0?
613022
In base 8, what is 3716 + -1567?
2127
In base 11, what is -266435 + 4?
-266431
In base 6, what is 32310 + 4?
32314
In base 11, what is -2 - -1508?
1506
In base 9, what is -51 - 184047?
-184108
In base 7, what is 2445062 + 2?
2445064
In base 9, what is -11233 - 108?
-11342
In base 3, what is 10022121 - -1012?
10100210
In base 6, what is -1023155 - 2?
-1023201
In base 11, what is -47588 + 0?
-47588
In base 7, what is -5 - -244330?
244322
In base 3, what is 2212 + -1010?
1202
In base 7, what is -2234 - -354?
-1550
In base 5, what is -13220201 + -2?
-13220203
In base 11, what is -76074 - 2?
-76076
In base 6, what is 13 + -124531?
-124514
In base 2, what is 111101010 - -1011011?
1001000101
In base 13, what is -360c - 5?
-3614
In base 15, what is 10 - -770?
780
In base 12, what is 10b - -9a?
1a9
In base 3, what is -2020210120 - -12?
-2020210101
In base 2, what is -110010111 - -10010010010?
1011111011
In base 9, what is 222 + 1376?
1608
In base 2, what is 1000000110000 - 101110110?
111010111010
In base 10, what is 38 - -2261?
2299
In base 8, what is -22 - 23357?
-23401
In base 5, what is 1 - 14213413?
-14213412
In base 16, what is -11 - 19e?
-1af
In base 12, what is 5a0 - 35?
567
In base 6, what is -1221 - 2221?
-3442
In base 9, what is -151041 - 5?
-151046
In base 3, what is 12120220121 - 211?
12120212210
In base 13, what is -41 - -330?
2bc
In base 13, what is -17 - 84bb4?
-84bcb
In base 3, what is -1001010222201 + 12?
-1001010222112
In base 5, what is -33123 - -4?
-33114
In base 11, what is 8 + 1aa79?
1aa86
In base 14, what is d - 3555?
-3546
In base 15, what is 1a9 - -30?
1d9
In base 16, what is a + 6c5?
6cf
In base 7, what is -2 - 201126?
-201131
In base 13, what is -b0 - -19a3?
18c3
In base 7, what is 300 - -2400?
3000
In base 15, what is 12 - 1059?
-1047
In base 2, what is -100110100100 - -10?
-100110100010
In base 3, what is 1102 - 211220?
-210111
In base 8, what is -124 + 17424?
17300
In base 3, what is 222121222110 + -2?
222121222101
In base 9, what is -257804 - 12?
-257816
In base 7, what is 142363 + -4?
142356
In base 6, what is 124432 - -3?
124435
In base 2, what is -111101010101100110 - 100?
-111101010101101010
In base 3, what is -2022 - 222100?
-1001122
In base 14, what is -1 - -20723d?
20723c
In base 14, what is 3 - a3a1?
-a39c
In base 3, what is 1111 + 10102210?
10111021
In base 16, what is -1b + -5903?
-591e
In base 6, what is -5 - 23442121?
-23442130
In base 14, what is 61 + -1a?
45
In base 11, what is 90187 + 0?
90187
In base 14, what is 2b35 + a?
2b41
In base 11, what is -22aa + 10?
-229a
In base 9, what is 31843 - -4?
31847
In base 11, what is -236 + -1a4?
-42a
In base 7, what is 46 - 2004?
-1625
In base 3, what is -10122222 + 2111020?
-1011202
In base 12, what is 253 + -5?
24a
In base 7, what is -251 - -2462?
2211
In base 9, what is -4 - 46765?
-46770
In base 9, what is 31475 + -3?
31472
In base 14, what is -544d78 + 4?
-544d74
In base 15, what is 511 - 1?
510
In base 9, what is 28581 - -5?
28586
In base 3, what is 21 - -11022012?
11022110
In base 16, what is 4 + 1d4?
1d8
In base 8, what is -42141 + 0?
-42141
In base 6, what is -33 - -41340?
41303
In base 7, what is -1104 - -134?
-640
In base 9, what is -406 - 3734?
-4241
In base 8, what is -664 + -26?
-712
In base 4, what is -1130222233 - -11?
-1130222222
In base 16, what is -9d + 16f?
d2
In base 10, what is -499 - -438?
-61
In base 12, what is -2015 - -2?
-2013
In base 6, what is -2 + 503210?
503204
In base 8, what is -3307 - -1432?
-1655
In base 12, what is 1 + -349128?
-349127
In base 9, what is 12307 - 0?
12307
In base 10, what is 61 - -1222?
1283
In base 4, what is 2121 - 3320?
-1133
In base 11, what is 2642 + -899?
1854
In base 14, what is -3 - c053?
-c056
In base 9, what is -3 + 34?
31
In base 9, what is 16 + -22866?
-22850
In base 13, what is 1723 + 413?
1b36
In base 2, what is 1101100101 - -101011001?
10010111110
In base 15, what is -b1d + 65?
-aa8
In base 11, what is -1630 - -33?
-15a8
In base 10, what is 57326 - -5?
57331
In base 8, what is -4 + -5014?
-5020
In base 6, what is 10543 - -101?
11044
In base 6, what is -3333112 - -1?
-3333111
In base 2, what is -1101110011 + 111000?
-1100111011
In base 12, what is 4 - 11648b?
-116487
In base 16, what is 204 - -12?
216
In base 14, what is 8 - 243b7?
-243ad
In base 4, what is -3 - -33310130?
33310121
In base 15, what is 12da3 - -3?
12da6
In base 8, what is 1